{"id":11948,"date":"2022-08-20T18:35:38","date_gmt":"2022-08-20T17:35:38","guid":{"rendered":"https:\/\/www.latitude31n.com\/?post_type=product&#038;p=11948"},"modified":"2025-08-08T09:55:25","modified_gmt":"2025-08-08T08:55:25","slug":"petit-lustre-ajoure","status":"publish","type":"product","link":"https:\/\/www.latitude31n.com\/fr\/luminaires\/petit-lustre-ajoure\/","title":{"rendered":"Petit lustre ajour\u00e9 en fibres naturelles"},"content":{"rendered":"<h2>Suspension boh\u00e8me tress\u00e9e<\/h2>\n<p>Elle est tress\u00e9e main en fibres naturelles de palmier <a href=\"\/fr\/doum-presentation-conseils-entretien\/\" target=\"_blank\" rel=\"noopener\"><i>doum<\/i><\/a>.<\/p>\n<p>Cet abat-jour \u00e0 l&rsquo;esprit exotique s&rsquo;invite dans votre maison pour insuffler un vent de vacances et d&rsquo;ailleurs. La finesse de tressage et le design a\u00e9r\u00e9 de la lampe contraste joliment avec l&rsquo; aspect naturel et brut de la mati\u00e8re v\u00e9g\u00e9tale.<\/p>\n<h2>Petit abat-jour pour chambre \u00e0 coucher<\/h2>\n<p>Sa petite taille (25\/30cm de hauteur) vous permet de l&rsquo;installer un peu partout. Il est particuli\u00e8rement \u00e0 son avantage en guise de lampes de chevet suspendu ou en association au-dessus d&rsquo;un bar ou sur une terrasse. Il peut \u00e9galement s&rsquo;accrocher sur un pied en m\u00e9tal en tant que lampadaire.<\/p>\n<p>Pourquoi je l&rsquo;aime :<\/p>\n<p><strong><em>J&rsquo; aime son tressage tr\u00e8s large et ses \u00ab\u00a0cheveux\u00a0\u00bb qui lui tombent tout autour. Je lui trouve un petit look l\u00e9ger et \u00e9l\u00e9gant.\u00a0<\/em><\/strong><\/p>\n<p>Le m\u00eame mod\u00e8le, mais en <a href=\"\/fr\/luminaires\/suspension-naturelle-tressage-large\/\" target=\"_blank\" rel=\"noopener\">plus grandes suspensions<\/a> est \u00e9galement disponible sur le site.<\/p>\n<p>Dimensions : environ 25xh30 cm<\/p>\n<p>Cette suspension est\u00a0<strong>artisanale et unique<\/strong>. Elle peut comporter certaines irr\u00e9gularit\u00e9s qui en font tout le charme. Il peut y avoir de l\u00e9g\u00e8res variations dans la forme, la dimension ou la couleur, selon la condition de la mati\u00e8re. La couleur est souvent verte quand la mati\u00e8re est jeune et devient de plus en plus jaune ou bronz\u00e9e, avec le temps et le soleil.<\/p>\n<p>Petits conseils (plus de conseils et d\u2019infos dans notre\u00a0<a href=\"\/fr\/doum-presentation-conseils-entretien\/\" target=\"_blank\" rel=\"noopener\">article sur la fibre\u00a0<em>doum<\/em><\/a>) :<br \/>\n* Pour acc\u00e9l\u00e9rer le jaunissement de la fibre, laisser la suspension au soleil pendant quelques jours.<br \/>\n* La fibre d\u2019alfa, herbe m\u00e9diterran\u00e9enne utilis\u00e9e pour la confection de ces luminaires, est mall\u00e9able. Si elle a \u00e9t\u00e9 pli\u00e9e pendant le transport et conserve la forme due au transport, la laisser quelques heures au sol le temps qu\u2019elle reprenne sa forme habituelle. Si ce n\u2019est pas le cas, vous pouvez l\u2019asperger l\u00e9g\u00e8rement et l\u2019aider avec des poids ou des gabarits.<\/p>\n<p>C\u00e2ble \u00e9lectrique non compris.<br \/>\nUne anse est pr\u00e9vue pour l&rsquo;accrocher. Pour plus de conseils sur l&rsquo;installation, veuillez consulter notre <a href=\"\/fr\/installer-suspension-paille\/\" target=\"_blank\" rel=\"noopener\">article sur les diff\u00e9rentes m\u00e9thodes d&rsquo;accroche de nos suspensions<\/a>.<\/p>\n","protected":false},"excerpt":{"rendered":"<p><strong>Petite suspension boh\u00e8me et ethnique chic en fibres naturelles<\/strong>. Petit c\u00f4ne au design a\u00e9r\u00e9, tressage ouvert et frange de paille tombante.<\/p>\n<p>Charmante et exotique.<\/p>\n","protected":false},"featured_media":11949,"comment_status":"open","ping_status":"closed","template":"","meta":[],"product_brand":[],"product_cat":[22,894],"product_tag":[81,461,80,82,79],"class_list":{"0":"post-11948","1":"product","2":"type-product","3":"status-publish","4":"has-post-thumbnail","6":"product_cat-luminaires","7":"product_cat-suspension-paille","8":"product_tag-bambou","9":"product_tag-latitude-lumineuse","10":"product_tag-osier","11":"product_tag-raphia","12":"product_tag-rotin","14":"first","15":"instock","16":"taxable","17":"shipping-taxable","18":"purchasable","19":"product-type-simple"},"_links":{"self":[{"href":"https:\/\/www.latitude31n.com\/fr\/wp-json\/wp\/v2\/product\/11948","targetHints":{"allow":["GET"]}}],"collection":[{"href":"https:\/\/www.latitude31n.com\/fr\/wp-json\/wp\/v2\/product"}],"about":[{"href":"https:\/\/www.latitude31n.com\/fr\/wp-json\/wp\/v2\/types\/product"}],"replies":[{"embeddable":true,"href":"https:\/\/www.latitude31n.com\/fr\/wp-json\/wp\/v2\/comments?post=11948"}],"wp:featuredmedia":[{"embeddable":true,"href":"https:\/\/www.latitude31n.com\/fr\/wp-json\/wp\/v2\/media\/11949"}],"wp:attachment":[{"href":"https:\/\/www.latitude31n.com\/fr\/wp-json\/wp\/v2\/media?parent=11948"}],"wp:term":[{"taxonomy":"product_brand","embeddable":true,"href":"https:\/\/www.latitude31n.com\/fr\/wp-json\/wp\/v2\/product_brand?post=11948"},{"taxonomy":"product_cat","embeddable":true,"href":"https:\/\/www.latitude31n.com\/fr\/wp-json\/wp\/v2\/product_cat?post=11948"},{"taxonomy":"product_tag","embeddable":true,"href":"https:\/\/www.latitude31n.com\/fr\/wp-json\/wp\/v2\/product_tag?post=11948"}],"curies":[{"name":"wp","href":"https:\/\/api.w.org\/{rel}","templated":true}]}}

Petit lustre ajouré en fibres naturelles

<h2>Suspension bohème tressée</h2>
<p>Elle est tressée main en fibres naturelles de palmier <a href="/fr/doum-presentation-conseils-entretien/" target="_blank" rel="noopener"><i>doum</i></a>.</p>
<p>Cet abat-jour à l&rsquo;esprit exotique s&rsquo;invite dans votre maison pour insuffler un vent de vacances et d&rsquo;ailleurs. La finesse de tressage et le design aéré de la lampe contraste joliment avec l&rsquo; aspect naturel et brut de la matière végétale.</p>
<h2>Petit abat-jour pour chambre à coucher</h2>
<p>Sa petite taille (25/30cm de hauteur) vous permet de l&rsquo;installer un peu partout. Il est particulièrement à son avantage en guise de lampes de chevet suspendu ou en association au-dessus d&rsquo;un bar ou sur une terrasse. Il peut également s&rsquo;accrocher sur un pied en métal en tant que lampadaire.</p>
<p>Pourquoi je l&rsquo;aime :</p>
<p><strong><em>J&rsquo; aime son tressage très large et ses « cheveux » qui lui tombent tout autour. Je lui trouve un petit look léger et élégant. </em></strong></p>
<p>Le même modèle, mais en <a href="/fr/luminaires/suspension-naturelle-tressage-large/" target="_blank" rel="noopener">plus grandes suspensions</a> est également disponible sur le site.</p>
<p>Dimensions : environ 25xh30 cm</p>
<p>Cette suspension est <strong>artisanale et unique</strong>. Elle peut comporter certaines irrégularités qui en font tout le charme. Il peut y avoir de légères variations dans la forme, la dimension ou la couleur, selon la condition de la matière. La couleur est souvent verte quand la matière est jeune et devient de plus en plus jaune ou bronzée, avec le temps et le soleil.</p>
<p>Petits conseils (plus de conseils et d’infos dans notre <a href="/fr/doum-presentation-conseils-entretien/" target="_blank" rel="noopener">article sur la fibre <em>doum</em></a>) :<br />
* Pour accélérer le jaunissement de la fibre, laisser la suspension au soleil pendant quelques jours.<br />
* La fibre d’alfa, herbe méditerranéenne utilisée pour la confection de ces luminaires, est malléable. Si elle a été pliée pendant le transport et conserve la forme due au transport, la laisser quelques heures au sol le temps qu’elle reprenne sa forme habituelle. Si ce n’est pas le cas, vous pouvez l’asperger légèrement et l’aider avec des poids ou des gabarits.</p>
<p>Câble électrique non compris.<br />
Une anse est prévue pour l&rsquo;accrocher. Pour plus de conseils sur l&rsquo;installation, veuillez consulter notre <a href="/fr/installer-suspension-paille/" target="_blank" rel="noopener">article sur les différentes méthodes d&rsquo;accroche de nos suspensions</a>.</p>

<p><strong>Petite suspension bohème et ethnique chic en fibres naturelles</strong>. Petit cône au design aéré, tressage ouvert et frange de paille tombante.</p>
<p>Charmante et exotique.</p>
